n base 4, what is 3 + -2200221?
-2200212
In base 9, what is 1 - -26823?
26824
In base 8, what is 400 + 1006?
1406
In base 12, what is 1b7 + 2a1?
498
In base 2, what is -101100101100000100 + -101?
-101100101100001001
In base 15, what is 25d22 + 4?
25d26
In base 7, what is 145634 - -14?
145651
In base 6, what is 123224 - 2?
123222
In base 13, what is -19a410 - -5?
-19a408
In base 5, what is 412 + -13140?
-12223
In base 8, what is 2651103 + -3?
2651100
In base 4, what is 122112 + -1230?
120222
In base 11, what is a8924 + 2?
a8926
In base 15, what is 1c93 - -6c?
1d10
In base 13, what is -70a6 - 17?
-70c0
In base 15, what is -1325d - 3?
-13261
In base 10, what is 8 + -4901?
-4893
In base 16, what is -5 - 8a24?
-8a29
In base 3, what is 12220211 + -10?
12220201
In base 7, what is 6 - 1541430?
-1541421
In base 7, what is 346 - -2351?
3030
In base 9, what is 2617 + -274?
2333
In base 6, what is -330005 - -4?
-330001
In base 9, what is -676221 + -5?
-676226
In base 8, what is 162 + 224?
406
In base 13, what is 76 - -4b?
c4
In base 14, what is -20 - 499?
-4b9
In base 14, what is 2 - 53db?
-53d9
In base 4, what is -2200021010 + -11?
-2200021021
In base 2, what is 110101 + -11000001110110?
-11000001000001
In base 7, what is -5665 + -2534?
-11532
In base 16, what is -c + -60319?
-60325
In base 10, what is -2 - -985147?
985145
In base 6, what is 13302 - -21?
13323
In base 3, what is 102220021102 - 11?
102220021021
In base 15, what is 2816 - 2?
2814
In base 10, what is 1 - -318294?
318295
In base 13, what is -21bab0 - -3?
-21baaa
In base 2, what is -10000 - 110010101111010?
-110010110001010
In base 8, what is -16273 - 2?
-16275
In base 16, what is -7 - 1a15?
-1a1c
In base 10, what is -22429 + 9?
-22420
In base 16, what is 315 - -bc?
3d1
In base 5, what is -212 + -14221?
-14433
In base 12, what is 5 + 1636?
163b
In base 5, what is 31244 + -233?
31011
In base 9, what is 1275201 - -1?
1275202
In base 9, what is 74620 - -5?
74625
In base 7, what is -11 - -3044126?
3044115
In base 3, what is 200 + 11212?
12112
In base 2, what is 11011000000000111 + 11?
11011000000001010
In base 13, what is a - -16186?
16193
In base 13, what is 23c7 - bb?
2309
In base 13, what is -10 - 4171?
-4181
In base 12, what is -31 + 24b7?
2486
In base 8, what is -374 + -30?
-424
In base 5, what is -10 + 4414?
4404
In base 15, what is -9e76 + -12?
-9e88
In base 12, what is 4 + -7b09?
-7b05
In base 16, what is 10e1 + b8?
1199
In base 5, what is -333 + -1131302?
-1132140
In base 13, what is 1cc - -259?
458
In base 8, what is 1746650 + 1?
1746651
In base 5, what is 10 + 2330233?
2330243
In base 10, what is 45 - 1508?
-1463
In base 10, what is 9569 + -19?
9550
In base 12, what is -2a + -1a098?
-1a106
In base 5, what is -22222 - 11?
-22233
In base 9, what is -330 - -2648?
2318
In base 11, what is -16 + -2295a?
-22975
In base 5, what is 2 - -30141331?
30141333
In base 11, what is 2026 - -8a?
2105
In base 11, what is 13 + 82?
95
In base 9, what is -24011 - 4?
-24015
In base 5, what is 13 - -1242310?
1242323
In base 9, what is -2560 - 16?
-2576
In base 2, what is 11 - 1011111011000101111?
-1011111011000101100
In base 9, what is 2468 + 125?
2604
In base 14, what is 4 + -2c5a2?
-2c59c
In base 11, what is -5a - 1350?
-13aa
In base 2, what is 101100100001110110110 + 0?
101100100001110110110
In base 11, what is 197388 + -7?
197381
In base 11, what is 4 + -7637?
-7633
In base 13, what is -8 + cbc9?
cbc1
In base 4, what is -320200 - 11223?
-332023
In base 15, what is -1 + 119a?
1199
In base 5, what is -231 + -12134?
-12420
In base 14, what is 115a3 - 0?
115a3
In base 9, what is 178 + -258?
-70
In base 10, what is -13 + -6553?
-6566
In base 12, what is 5409 + 5?
5412
In base 11, what is 1a - 94?
-75
In base 6, what is 23321 + 2?
23323
In base 3, what is 112021120001210 - 11?
112021120001122
In base 16, what is 73e + 8?
746
In base 10, what is 913 + 91?
1004
In base 12, what is 1164 + 19?
1181
In base 6, what is 154221 - 100?
154121
In base 14, what is 2427 + 5?
242c
In base 14, what is -a7 + -16dd?
-17a6
In base 12, what is -8553 - 153?
-86a6
In base 6, what is -2001 - -3221?
1220
In base 15, what is 4 - 51326?
-51322
In base 3, what is 2100 - 10221201?
-10212101
In base 15, what is 3 - 63183?
-63180
In base 6, what is 201331 - -114?
201445
In base 13, what is -9 + -8a9?
-8b5
In base 3, what is -21 - 1112221120?
-1112221211
In base 3, what is -122100121120 - -122?
-122100120221
In base 15, what is 3c - -4a?
87
In base 15, what is -180831 + 4?
-18082c
In base 9, what is 0 - 184774?
-184774
In base 10, what is 333 - -7895?
8228
In base 6, what is 233 - 5341?
-5104
In base 9, what is -32 - -168?
136
In base 3, what is -21012001 + -1110?
-21020111
In base 7, what is 3004 - -20?
3024
In base 10, what is -25284 + 29?
-25255
In base 12, what is 3 + b55?
b58
In base 3, what is 12020 - -2021020?
2110110
In base 9, what is 144 + 1411?
1555
In base 11, what is 26 + 22813?
22839
In base 4, what is 10100 + -200113?
-130013
In base 15, what is 5 - -118663?
118668
In base 6, what is 34023 - 11?
34012
In base 13, what is -5 + -262b2?
-262b7
In base 12, what is 8 - 282a9?
-282a1
In base 11, what is -1277 - -2a?
-1248
In base 11, what is -8 + -413a6?
-41403
In base 10, what is 24746 + -18?
24728
In base 6, what is -12225554 + 1?
-12225553
In base 6, what is -15551244 - 2?
-15551250
In base 6, what is -202220 + -14?
-202234
In base 6, what is 1540 - -14224?
20204
In base 2, what is 1011101101 - -11111100?
1111101001
In base 10, what is -5227 - 21?
-5248
In base 16, what is 0 - a2449?
-a2449
In base 13, what is 3245 + 96?
330b
In base 16, what is -18e14 - c?
-18e20
In base 2, what is 1001100011 + -111111?
1000100100
In base 11, what is -48706 - -4?
-48702
In base 5, what is -314 + 10424?
10110
In base 6, what is 23 - -5234?
5301
In base 2, what is -1111011000100001010110 - 10?
-1111011000100001011000
In base 3, what is 10 - -102022001?
102022011
In base 14, what is 8d1 - -c?
8dd
In base 16, what is c7b - -c?
c87
In base 11, what is 661448 - -1?
661449
In base 11, what is 2 + 12265?
12267
In base 7, what is 3 + -6220615?
-6220612
In base 3, what is 211012121 + 102?
211020000
In base 12, what is -154 + a1?
-73
In base 10, what is -2174 - 106?
-2280
In base 15, what is 1161 - 38?
1128
In base 14, what is 66 + -52?
14
In base 8, what is 2 + 322074?
322076
In base 7, what is -5 - 524640?
-524645
In base 15, what is -5 - 5e854?
-5e859
In base 6, what is 11 - -2040151?
2040202
In base 10, what is 5 + -1457922?
-1457917
In base 14, what is 1d8a + -22?
1d68
In base 10, what is -35443 - 4?
-35447
In base 10, what is 54185 - -28?
54213
In base 7, what is -32362 - -1?
-32361
In base 14, what is 12d26 + 1b?
12d43
In base 16, what is 11 - -5709?
571a
In base 7, what is 1 - 164650?
-164646
In base 15, what is d622 - 1?
d621
In base 2, what is 11000100001 + -10?
11000011111
In base 5, what is -221023302 + -1?
-221023303
In base 9, what is -385208 + 0?
-385208
In base 12, what is -15 + 1900?
18a7
In base 9, what is 1 + -174538?
-174537
In base 6, what is 1050 - -231?
1321
In base 10, what is 7 + -314265?
-314258
In base 6, what is -214032 - -214?
-213414
In base 3, what is -10 - -112002211?
112002201
In base 14, what is 9 - 199a?
-1991
In base 13, what is -2064 - c9?
-2160
In base 9, what is -311 + -8807?
-10218
In base 16, what is 2e - -6aa?
6d8
In base 15, what is -27 - 72e7?
-731e
In base 7, what is 66 + 4334?
4433
In base 15, what is -8 + 1c67?
1c5e
In base 13, what is -2 - 68bb?
-68c0
In base 8, what is 220323 + 30?
220353
In base 3, what is -21 + 12001112212?
12001112121
In base 9, what is 28387 + 2?
28400
In base 4, what is -303 - 333101?
-1000010
In base 15, what is -5 + -6ed?
-703
In base 6, what is 52 + 43421?
43513
In base 13, what is 53ba - -259?
5646
In base 12, what is 3890 + 1bb?
3a8b
In base 8, what is 134 - 355?
-221
In base 4, what is -10330 - 120132?
-131122
In base 14, what is 3 + -47c4?
-47c1
In base 2, what is 100110001001 + 11110?
100110100111
In base 15, what is -eb + -605?
-701
In base 4, what is -331102 + 2122?
-322320
In base 14, what is -cc - -ba3?
ab5
In base 15, what is -3 - 2959?
-295c
In base 4, what is 1113 - 21231?
-20112
In base 14, what is 38c97 - -1?
38c98
In base 11, what is -23962 + -22?
-23984
In bas